0
In base 14, what is -3187c6d + 5?
-3187c68
In base 16, what is -1ff1df0 + 1b?
-1ff1dd5
In base 16, what is 12ecadd + 1?
12ecade
In base 2, what is 110 + 1000110100100101000100111?
1000110100100101000101101
In base 2, what is -110 - -100010111001000101111010?
100010111001000101110100
In base 11, what is -172 - -1729479?
1729307
In base 10, what is -166 + 185772?
185606
In base 12, what is -5 - -16b36536?
16b36531
In base 15, what is 5a + -c754?
-c6e9
In base 10, what is -112 - 31878?
-31990
In base 15, what is 36 + 2ca23?
2ca59
In base 12, what is -87 - -41a77?
419b0
In base 15, what is -55 - a8111?
-a8166
In base 5, what is -42 - -430310?
430213
In base 15, what is -4a + 65c60?
65c15
In base 5, what is -414 - -1104212211?
1104211242
In base 8, what is 1572712525 - -3?
1572712530
In base 6, what is -213 - 240553253?
-240553510
In base 11, what is -2 + -111a0214?
-111a0216
In base 15, what is 4 - 313cb7b?
-313cb77
In base 15, what is 2 + 4d7c9?
4d7cb
In base 7, what is 11154 + 40561?
52045
In base 16, what is 1a4266f + 1?
1a42670
In base 2, what is -10001111000 + 10110010011?
100011011
In base 12, what is 49539 - -113a?
4a677
In base 7, what is 1656022 - 10?
1656012
In base 6, what is -1041214 - 5341?
-1050555
In base 8, what is 24565362 + 24?
24565406
In base 16, what is -349431 + -1?
-349432
In base 13, what is -493 - 289032?
-2894c5
In base 4, what is -303012020 - -101?
-303011313
In base 7, what is 15 - -60050130?
60050145
In base 12, what is -2444 - -2499?
55
In base 6, what is 4450103 + -4000?
4442103
In base 15, what is -d1578 + 5?
-d1573
In base 3, what is 1022221 - -1121112102?
1122212100
In base 6, what is 0 + 4544025?
4544025
In base 6, what is 25005 + -104?
24501
In base 15, what is 2c0697 + 5?
2c069c
In base 11, what is -3 - -1a953a0?
1a95398
In base 6, what is -133104044 - 1034?
-133105122
In base 15, what is -6082c89 + 3?
-6082c86
In base 6, what is 12411445500 - 1?
12411445455
In base 13, what is -149654c9c - -1?
-149654c9b
In base 7, what is 101526 - -21166?
123025
In base 7, what is -35632354 + -112?
-35632466
In base 4, what is 101 - -10300211121?
10300211222
In base 10, what is 233 - -4108?
4341
In base 16, what is 153 + -4ec2e?
-4eadb
In base 15, what is -418553 - -9?
-418549
In base 10, what is -7800622 - 1?
-7800623
In base 16, what is -245097 - 9?
-2450a0
In base 6, what is -14 - 120053223?
-120053241
In base 16, what is e293 - 18?
e27b
In base 16, what is -4 - -3217a50?
3217a4c
In base 13, what is -1651241a - 3?
-16512420
In base 16, what is bfc3 + fe?
c0c1
In base 11, what is -86 - 19a518?
-19a5a3
In base 5, what is -1022 + -141403?
-142430
In base 3, what is 10 - 10211111011100200?
-10211111011100120
In base 10, what is -390 - -1105718?
1105328
In base 15, what is 469 - ee36?
-e9bc
In base 13, what is -31504c + 289?
-314a93
In base 13, what is -b9 - 6a071?
-6a15a
In base 4, what is -130022101 + -110?
-130022211
In base 11, what is 1 - 520a8863?
-520a8862
In base 12, what is 5944 - 17398?
-11654
In base 7, what is 125 + 136435?
136563
In base 7, what is -13560055 - -21?
-13560034
In base 15, what is -28 - -2e2c6?
2e29d
In base 16, what is 1cd56 + 1?
1cd57
In base 14, what is 988134 - -4?
988138
In base 5, what is -14304 - 1400132?
-1414441
In base 7, what is 4431464 + 0?
4431464
In base 4, what is 3213 - -212000223?
212010102
In base 15, what is -4cea - -19b7?
-3333
In base 15, what is 56cce + 25?
56d04
In base 8, what is -176505747 + -1?
-176505750
In base 7, what is -15542 + -104?
-15646
In base 2, what is -1000011110111011011100010 - 101?
-1000011110111011011100111
In base 14, what is -29c - -aab39?
aa87b
In base 6, what is 140220252 - 101?
140220151
In base 4, what is 2112 - -1121101121?
1121103233
In base 10, what is 2977540 + 4?
2977544
In base 14, what is -a53c - 52b2?
-11810
In base 7, what is 16034 + 551?
16615
In base 14, what is -228 + 499cd?
497a5
In base 12, what is 176 + -1bb80?
-1ba06
In base 4, what is -33102 - 20301?
-120003
In base 16, what is -82ef - 6d3?
-89c2
In base 7, what is 5124514 + -30?
5124454
In base 5, what is -1342144444 + -1013?
-1342201012
In base 3, what is 210220221112122120 - -2?
210220221112122122
In base 16, what is 6 - -33c6aa1?
33c6aa7
In base 10, what is 2882407 + -76?
2882331
In base 6, what is -213533 - 2335?
-220312
In base 2, what is 10111001101010 + 11100011011?
11010110000101
In base 10, what is 2626792 + 31?
2626823
In base 13, what is -287 - 8250?
-8507
In base 9, what is -5760 + -342564?
-348434
In base 8, what is -113033 - -22730?
-70103
In base 9, what is 177741 + 85?
177836
In base 5, what is 300041 - 202241?
42300
In base 11, what is 251 - -716435?
716686
In base 6, what is -3 + -105303450?
-105303453
In base 4, what is -223122133 + 113323?
-223002210
In base 5, what is -101033422330 + 32?
-101033422243
In base 12, what is -134b601 - 46?
-134b647
In base 7, what is -126563215 - -102?
-126563113
In base 10, what is 117871 - 63?
117808
In base 8, what is -5 + -207546275?
-207546302
In base 8, what is 2 + 2247025?
2247027
In base 15, what is -6c8e88 + 3?
-6c8e85
In base 14, what is c - 390c164?
-390c156
In base 8, what is -4034436 - -7?
-4034427
In base 6, what is -1404 + 5341101?
5335253
In base 11, what is -107312 - -8?
-107305
In base 6, what is -5 - -133023154?
133023145
In base 14, what is -ac0 - -9344?
8664
In base 7, what is 16142456 - -103?
16142562
In base 7, what is -1616064 - 14011?
-1633105
In base 4, what is -1101030332 - -31001?
-1100333331
In base 12, what is 1a7 - a18579?
-a18392
In base 11, what is -4 - -22116a58?
22116a54
In base 9, what is -123 - 185524?
-185647
In base 4, what is 10 + 13121010011120?
13121010011130
In base 10, what is 2 + -25831758?
-25831756
In base 3, what is -210122 + 12201020002?
12200102110
In base 11, what is 3 + 135a07?
135a0a
In base 5, what is 41233001334 + 4?
41233001343
In base 2, what is 10 - -10001000000111101010000100?
10001000000111101010000110
In base 6, what is 52042 + 231520?
324002
In base 2, what is 1000110100001011010101 + -11100000?
1000110100000111110101
In base 16, what is -234b4 - -4e9?
-22fcb
In base 12, what is 5ab9b579 + 2?
5ab9b57b
In base 9, what is -2345 - -1652?
-583
In base 16, what is -1c - -1a58600?
1a585e4
In base 12, what is -2495a09b + -5?
-2495a0a4
In base 5, what is -34 + -100001114341?
-100001114430
In base 5, what is 20 + -313222244?
-313222224
In base 16, what is -2360 + 570?
-1df0
In base 6, what is -302 + 515045?
514343
In base 2, what is -100001011010010001010 + 1100001010?
-100001011000110000000
In base 10, what is 4035 - -34866?
38901
In base 12, what is -5 + -205994b1?
-205994b6
In base 9, what is 12733546 - 0?
12733546
In base 2, what is -111001001001010 - -1100000010?
-110111101001000
In base 12, what is 185 + 52?
217
In base 13, what is -c - 1188b806?
-1188b815
In base 8, what is -156 + -3613046?
-3613224
In base 13, what is -239 - -7a83?
7847
In base 16, what is 3 + -99fc7e?
-99fc7b
In base 12, what is 422 - 10325?
-bb03
In base 8, what is 475161 + -1041?
474120
In base 6, what is 12 + -1225133311?
-1225133255
In base 11, what is -160838 + -15?
-160852
In base 15, what is -15d99 + -2da?
-16184
In base 11, what is -14433 + -912?
-15245
In base 9, what is 66 - -11030?
11106
In base 8, what is 57 - -416311?
416370
In base 3, what is -200022000 + -2122?
-200101122
In base 12, what is -9b382a - 7?
-9b3835
In base 13, what is 3c0662 - -a?
3c066c
In base 12, what is -57207 - 504?
-5770b
In base 8, what is -4263370 + -4?
-4263374
In base 15, what is 22d + 22518?
22746
In base 2, what is 0 + -1000000100001110101001?
-1000000100001110101001
In base 8, what is -1 + 65222403?
65222402
In base 16, what is -1551 + -aaf8?
-c049
In base 13, what is 4598 + c1?
4689
In base 10, what is 1 + 272273696?
272273697
In base 9, what is -3452 - 110124?
-113576
In base 11, what is -2 + 1095326a?
10953268
In base 13, what is -52160815 + 0?
-52160815
In base 5, what is 1311 - 24232131?
-24230320
In base 2, what is -100011000 + -1000010110100110111?
-1000010111001001111
In base 5, what is 1324120 - -3124?
1332244
In base 13, what is -75967 - b?
-75975
In base 16, what is -2 - -12b95f?
12b95d
In base 13, what is 292a1a0 + 2?
292a1a2
In base 13, what is 4 - 1a7b6b1?
-1a7b6aa
In base 12, what is 29a667a - -